331?
32000
In base 12, what is 5 + 28?
31
In base 9, what is 38 + -37?
1
In base 6, what is -2214 - 4?
-2222
In base 13, what is 52 - 2c?
23
In base 6, what is -30213 + 3?
-30210
In base 14, what is 29 - -a4?
cd
In base 9, what is -2830 + 10?
-2820
In base 7, what is 132 + -531?
-366
In base 15, what is 4 + 1c?
21
In base 15, what is 1 + 241e?
2420
In base 9, what is -842 + 5?
-836
In base 9, what is 3 - 577?
-574
In base 15, what is 19 + 8?
22
In base 13, what is 2 - -12a?
12c
In base 10, what is -61 - 3?
-64
In base 12, what is -1225 + -3?
-1228
In base 14, what is 1a - -3?
1d
In base 9, what is 16 + -438?
-422
In base 12, what is -4 - 21?
-25
In base 7, what is 5 + -1031?
-1023
In base 14, what is 2 - 19?
-17
In base 7, what is -125046 + 3?
-125043
In base 10, what is -235 + -7?
-242
In base 8, what is 166 + -16?
150
In base 14, what is -2 - 2b?
-2d
In base 6, what is -40 - -5?
-31
In base 2, what is -101000001 + 10?
-100111111
In base 7, what is 0 + 46?
46
In base 4, what is 11 - 211?
-200
In base 16, what is 29 + 1d?
46
In base 14, what is -9 - 38?
-43
In base 13, what is 6b76 - 5?
6b71
In base 4, what is -100 + 2123?
2023
In base 9, what is 12 + -5?
6
In base 15, what is -6116 - -2?
-6114
In base 4, what is 202231 + 11?
202302
In base 3, what is -2012 + 20?
-1222
In base 5, what is 10443 - -1?
10444
In base 6, what is 0 + 1455?
1455
In base 10, what is -27 - -21?
-6
In base 3, what is 0 + -2012010?
-2012010
In base 15, what is -751 - -2?
-74e
In base 10, what is -20748 - 0?
-20748
In base 8, what is -70241 + 4?
-70235
In base 5, what is 22 - -110?
132
In base 16, what is -1fd + -5?
-202
In base 9, what is 3 + 1605?
1608
In base 12, what is -392 - b?
-3a1
In base 12, what is -193 + 4?
-18b
In base 10, what is 3 - -1226?
1229
In base 16, what is -44 - -f?
-35
In base 4, what is -1003 - -11?
-332
In base 11, what is -2 + 6?
4
In base 6, what is -1201 - 4?
-1205
In base 6, what is 4 - 353?
-345
In base 2, what is -111100110 + 101?
-111100001
In base 15, what is -5 - -5a?
55
In base 6, what is -1 - -50?
45
In base 3, what is -120120 + -110?
-121000
In base 4, what is 13 - -1210?
1223
In base 10, what is -134 - -50?
-84
In base 2, what is 1110 - 110?
1000
In base 2, what is -110 - 1001011001111?
-1001011010101
In base 16, what is 6 - 7d?
-77
In base 13, what is 5 - 9?
-4
In base 12, what is 3b + 1?
40
In base 8, what is -26464 + -4?
-26470
In base 13, what is 21 - 7?
17
In base 4, what is 11 + -13311?
-13300
In base 10, what is -916 + 2?
-914
In base 8, what is -2 - 51?
-53
In base 11, what is 0 - -702?
702
In base 4, what is 1001 + 10?
1011
In base 10, what is 4 - -357?
361
In base 3, what is 1120 + 1?
1121
In base 16, what is -5 - -3f?
3a
In base 9, what is -1 - -1042?
1041
In base 12, what is -1 - -403?
402
In base 9, what is 274 + 12?
286
In base 13, what is -2 - -4?
2
In base 11, what is -2 - 1a?
-21
In base 10, what is 5 + -141?
-136
In base 10, what is 523 + 1?
524
In base 5, what is 103030 - 3?
103022
In base 8, what is 601 + 1?
602
In base 9, what is -8 - 0?
-8
In base 16, what is 4877 + 4?
487b
In base 4, what is -2203313 - 0?
-2203313
In base 7, what is 1 + 1?
2
In base 8, what is 5 + 4621?
4626
In base 11, what is -9 + 955?
947
In base 14, what is 1 - -2b?
2c
In base 10, what is -8 - -637?
629
In base 2, what is 100 - 1110?
-1010
In base 3, what is -1102 - -11?
-1021
In base 13, what is -28 - 13?
-3b
In base 9, what is 13 - 23?
-10
In base 16, what is -5 - -135?
130
In base 5, what is 13222 + 3?
13230
In base 5, what is 0 + 20?
20
In base 16, what is -3 - -30?
2d
In base 5, what is 101 + 4321?
4422
In base 7, what is 23 - -5?
31
In base 3, what is 102 - 1102?
-1000
In base 8, what is 3 - 13?
-10
In base 2, what is 11 + 1101110111?
1101111010
In base 6, what is 2251 - 4?
2243
In base 16, what is 15bb + 0?
15bb
In base 7, what is -10 + -462?
-502
In base 4, what is 31 + -20013?
-13322
In base 4, what is -2010001 - -11?
-2003330
In base 3, what is -101100 - 2120?
-110220
In base 14, what is 3 - 121?
-11c
In base 3, what is -1201 - -10?
-1121
In base 11, what is -1116 - -1?
-1115
In base 14, what is -53 + b?
-46
In base 11, what is -1 + 54?
53
In base 15, what is -341 - a?
-34b
In base 4, what is -3 - -1201332?
1201323
In base 12, what is -33 - -3b?
8
In base 4, what is -222022 + -11?
-222033
In base 12, what is 27 - 55?
-2a
In base 6, what is -1350 + -11?
-1401
In base 14, what is -268 - 4?
-26c
In base 8, what is 31 + -2?
27
In base 13, what is 144 + -3?
141
In base 16, what is -43 - -e?
-35
In base 4, what is 310 + 1?
311
In base 5, what is 21 + 304?
330
In base 6, what is 222 - 5?
213
In base 4, what is 21213 + 2?
21221
In base 12, what is -13 - -2b0?
299
In base 6, what is -220 - -433?
213
In base 8, what is -3 - -6?
3
In base 3, what is -1 + -11000?
-11001
In base 7, what is 6314 + 1?
6315
In base 5, what is -1124444 + 2?
-1124442
In base 16, what is -e - -2?
-c
In base 9, what is -4 + 1236?
1232
In base 6, what is -34 - -5211?
5133
In base 9, what is 0 + -784?
-784
In base 3, what is 21 - -110102?
110200
In base 5, what is 1 + -12301?
-12300
In base 15, what is 5 + -8?
-3
In base 10, what is 5 + -709?
-704
In base 16, what is a3 + 0?
a3
In base 7, what is 43 + -13?
30
In base 3, what is 10212 + 2?
10221
In base 14, what is 2 + -6?
-4
In base 7, what is -446 + -41?
-520
In base 5, what is 0 + 234?
234
In base 12, what is 42 - -5?
47
In base 3, what is -12 - 1200?
-1212
In base 9, what is -2058 + 0?
-2058
In base 2, what is 111000 - 1000010?
-1010
In base 14, what is -308 - -9?
-2dd
In base 5, what is 1 + -213110?
-213104
In base 4, what is -1021 - -10?
-1011
In base 3, what is -11 + -112212?
-120000
In base 11, what is 14 + 78?
91
In base 10, what is -1393 + 3?
-1390
In base 7, what is -235 + -201?
-436
In base 2, what is 100 - -1100010?
1100110
In base 10, what is -12 + -2?
-14
In base 9, what is 1362 - -3?
1365
In base 11, what is -6 - 12a4?
-12aa
In base 14, what is 8c - -95?
143
In base 4, what is -30003 - 31?
-30100
In base 7, what is 0 + 335?
335
In base 15, what is -1e + 47?
28
In base 8, what is 16 + -334?
-316
In base 3, what is -10 + -1100001?
-1100011
In base 8, what is 663 - -2?
665
In base 13, what is -28 - -3?
-25
In base 4, what is -210 + -2232?
-3102
In base 12, what is -a + a1?
93
In base 5, what is 13 - 402?
-334
In base 12, what is 1 + 862?
863
In base 4, what is -1 - 322?
-323
In base 8, what is 66 + -20?
46
In base 9, what is 187 - -5?
203
In base 4, what is -2131 + 10?
-2121
In base 15, what is 17b + 2?
17d
In base 3, what is 10 + 1001102?
1001112
In base 9, what is 464 + -4?
460
In base 3, what is -1022021 + 11?
-1022010
In base 16, what is -232 + -1?
-233
In base 4, what is 1333 - -11?
2010
In base 15, what is 14 - -3b?
50
In base 14, what is 154 - 11?
143
In base 9, what is -277 - 64?
-352
In base 2, what is -110 - -10111111?
10111001
In base 11, what is 279 + 4?
282
In base 4, what is -2 + -11?
-13
In base 10, what is 1 - 21?
-20
In base 11, what is 11 + -35a?
-349
In base 9, what is -45 - -1?
-44
In base 9, what is -1 - -57?
56
In base 12, what is b45 + -6?
b3b
In base 2, what is 100 - -10101110?
10110010
In base 12, what is -16b + 4?
-167
In base 14, what is 53 - 1?
52
In base 11, what is -16 + -16?
-31
In base 10, what is -1853 - 15?
-1868
In base 6, what is 3 - -325?
332
In base 16, what is -56 - -4?
-52
In base 12, what is -4 + a?
6
In base 4, what is 11 - 11?
0
In base 8, what is -3365 - 0?
-3365
In base 5, what is -244 - 102?
-401
In base 12, what is -b04 + -9?
-b11
In base 15, what is 3 - 9db?
-9d8
In base 15, what is 2 - -1344?
1346
In base 9, what is 63 - 8?
54
In base 8, what is 262 + 0?
262
In base 2, what is 10011000 - 1?
10010111
In base 12, what is -7713 - 0?
-7713
In base 3, what is -1020 - 2?
-1022
In base 3, what is 21220 - 2?
21211
In base 10, what is 2113 - 0?
2113
In base 5, what is 11410 - 0?
11410
In base 3, what is -2102 - 2121?
-12000
In base 2, what is -101100 - 101?
-110001
In base 8, what is -5 - 1217?
-1224
In base 15, what is -9 + e?
5
In base 3, what is -12 - -1010001?
1002212
In base 12, what is -34 + -10?
-44
In base 8, what is 40505 - 4?
40501
In base 6, what is 4424 - -3?
4431
In base 14, what is -91 - 0?
-91
In base 8, what is 4563 + -2?
4561
In base 5, what is -1